{"id":100,"date":"2024-06-13T10:39:38","date_gmt":"2024-06-13T08:39:38","guid":{"rendered":"https:\/\/websites.fraunhofer.de\/protrafo\/?page_id=100"},"modified":"2024-06-21T16:04:19","modified_gmt":"2024-06-21T14:04:19","slug":"aktuelles","status":"publish","type":"page","link":"https:\/\/websites.fraunhofer.de\/protrafo\/?page_id=100","title":{"rendered":"Aktuelles"},"content":{"rendered":"\n<p>Aktuelle Themen zum Projekt finden Sie hier.<\/p>\n\n\n\n<p>Die Expertenworkshops des BMBF-gef\u00f6rderten Forschungsprojekts ProTraFo_2025 zielen darauf ab, die Rahmenbedingungen sowie den Unterst\u00fctzungs- und Transferbedarf kleiner und mittlerer Unternehmen (KMU) und Handwerksbetriebe zu er\u00f6rtern. Vertreter aus Wissenschaft, Handwerk und mittelst\u00e4ndischen Unternehmen diskutieren, wie KMU nach der COVID-19-Pandemie ihre Gesch\u00e4ftsmodelle anpassen und digitale Unterst\u00fctzungsm\u00f6glichkeiten integrieren k\u00f6nnen, um existenzielle Bedrohungen zu minimieren und neue Marktchancen zu nutzen. Der Fokus liegt auf der Entwicklung bedarfsorientierter Mechanismen und Modelle f\u00fcr den Wissenstransfer, unterst\u00fctzt durch bereits erhobene Forschungsergebnisse, die zugleich validiert werden. Die gewonnenen Erkenntnisse und Empfehlungen bilden eine wichtige Grundlage f\u00fcr zuk\u00fcnftige Forschungs- und Transferaktivit\u00e4ten.<\/p>\n\n\n\n<hr class=\"wp-block-separator has-alpha-channel-opacity is-style-wide\"\/>\n\n\n\n<details class=\"wp-block-details is-layout-flow wp-block-details-is-layout-flow\"><summary>Workshop Siegen<\/summary>\n<p>Am 15. April 2024 fand im Haus der Innovation in Siegen der erste Expertenworkshop des BMBF-gef\u00f6rderten Forschungsprojekts ProTraFo_2025 statt. Ziel des Workshops war es, die spezifischen Unterst\u00fctzungs- und Transferbedarfe von KMU und Handwerksbetrieben zu er\u00f6rtern. Vertreter aus Wissenschaft, Handwerk und mittelst\u00e4ndischen Unternehmen diskutierten, wie KMU ihre Gesch\u00e4ftsmodelle nach der COVID-19-Pandemie anpassen und digitale Unterst\u00fctzungsm\u00f6glichkeiten integrieren k\u00f6nnen. Die Ergebnisse aus diesem Workshop bilden eine wichtige Grundlage f\u00fcr zuk\u00fcnftige Aktivit\u00e4ten im Rahmen des Projekts.<\/p>\n<\/details>\n\n\n\n<details class=\"wp-block-details is-layout-flow wp-block-details-is-layout-flow\"><summary>Workshop Berlin<\/summary>\n<p>Am 4. Juni 2024 fand im Fraunhofer-Forum Berlin der zweite Expertenworkshop des BMBF-gef\u00f6rderten Forschungsprojekts ProTraFo_2025 statt. Auch hier lag der Fokus auf den Rahmenbedingungen und dem Unterst\u00fctzungs- und Transferbedarf von KMU und Handwerksbetrieben. Die Diskussionen drehten sich um die Anpassung der Gesch\u00e4ftsmodelle und die Integration digitaler Unterst\u00fctzungsm\u00f6glichkeiten nach der COVID-19-Pandemie. Auch die Wichtigkeit praxisnaher Transferformate kam in der Diskussion deutlich zur Sprache, da sie als entscheidend f\u00fcr die erfolgreiche Umsetzung der erarbeiteten Konzepte in den Alltag der KMU und Handwerksbetriebe angesehen werden. Die in Berlin gewonnenen Erkenntnisse tragen wesentlich zur Weiterentwicklung der Transfermechanismen bei.<\/p>\n<\/details>\n\n\n\n<details class=\"wp-block-details is-layout-flow wp-block-details-is-layout-flow\"><summary>Workshop Stuttgart<\/summary>\n<p>Am 16. Juli 2024 wird im Fraunhofer IAO in Stuttgart der dritte Expertenworkshop des BMBF-gef\u00f6rderten Forschungsprojekts ProTraFo_2025 stattfinden. Im Mittelpunkt steht die Er\u00f6rterung der Rahmenbedingungen sowie des spezifischen Unterst\u00fctzungs- und Transferbedarfs von KMU und Handwerksbetrieben. Vertreter aus Wissenschaft, Handwerk und mittelst\u00e4ndischen Unternehmen werden diskutieren, wie KMU ihre Gesch\u00e4ftsmodelle nach der COVID-19-Pandemie anpassen und digitale Unterst\u00fctzungsm\u00f6glichkeiten integrieren k\u00f6nnen. Die Ergebnisse aus Stuttgart werden wichtige Impulse f\u00fcr zuk\u00fcnftige Forschungs- und Transferaktivit\u00e4ten liefern.<\/p>\n<\/details>\n\n\n\n<p><a href=\"https:\/\/websites.fraunhofer.de\/protrafo\/?page_id=90\" data-type=\"page\" data-id=\"90\">Zum Download des Projektberichts<\/a><\/p>\n\n\n\n<hr class=\"wp-block-separator has-alpha-channel-opacity is-style-wide\" style=\"margin-top:var(--wp--preset--spacing--10);margin-bottom:var(--wp--preset--spacing--10)\"\/>\n\n\n\n<div style=\"height:430px\" aria-hidden=\"true\" class=\"wp-block-spacer\"><\/div>\n\n\n\n<div class=\"wp-block-group alignfull has-base-2-background-color has-background has-global-padding is-layout-constrained wp-container-core-group-is-layout-669513ed wp-block-group-is-layout-constrained\" style=\"margin-top:0;margin-bottom:0;padding-top:var(--wp--preset--spacing--50);padding-right:var(--wp--preset--spacing--50);padding-bottom:var(--wp--preset--spacing--50);padding-left:var(--wp--preset--spacing--50)\"><\/div>\n\n\n\n<div class=\"wp-block-group alignfull has-base-color has-contrast-background-color has-text-color has-background has-global-padding is-layout-constrained wp-container-core-group-is-layout-ef3d885c wp-block-group-is-layout-constrained\" style=\"margin-top:0;margin-bottom:0;padding-top:var(--wp--preset--spacing--60);padding-right:var(--wp--preset--spacing--60);padding-bottom:var(--wp--preset--spacing--60);padding-left:var(--wp--preset--spacing--60)\"><\/div>\n","protected":false},"excerpt":{"rendered":"<p>Aktuelle Themen zum Projekt finden Sie hier. Die Expertenworkshops des BMBF-gef\u00f6rderten Forschungsprojekts ProTraFo_2025 zielen darauf ab, die Rahmenbedingungen sowie den Unterst\u00fctzungs- und Transferbedarf kleiner und mittlerer Unternehmen (KMU) und Handwerksbetriebe zu er\u00f6rtern. Vertreter aus Wissenschaft, Handwerk und mittelst\u00e4ndischen Unternehmen diskutieren, wie KMU nach der COVID-19-Pandemie ihre Gesch\u00e4ftsmodelle anpassen und digitale Unterst\u00fctzungsm\u00f6glichkeiten integrieren k\u00f6nnen, um existenzielle [&hellip;]<\/p>\n","protected":false},"author":2,"featured_media":0,"parent":0,"menu_order":0,"comment_status":"closed","ping_status":"closed","template":"","meta":{"footnotes":""},"class_list":["post-100","page","type-page","status-publish","hentry"],"_links":{"self":[{"href":"https:\/\/websites.fraunhofer.de\/protrafo\/index.php?rest_route=\/wp\/v2\/pages\/100","targetHints":{"allow":["GET"]}}],"collection":[{"href":"https:\/\/websites.fraunhofer.de\/protrafo\/index.php?rest_route=\/wp\/v2\/pages"}],"about":[{"href":"https:\/\/websites.fraunhofer.de\/protrafo\/index.php?rest_route=\/wp\/v2\/types\/page"}],"author":[{"embeddable":true,"href":"https:\/\/websites.fraunhofer.de\/protrafo\/index.php?rest_route=\/wp\/v2\/users\/2"}],"replies":[{"embeddable":true,"href":"https:\/\/websites.fraunhofer.de\/protrafo\/index.php?rest_route=%2Fwp%2Fv2%2Fcomments&post=100"}],"version-history":[{"count":24,"href":"https:\/\/websites.fraunhofer.de\/protrafo\/index.php?rest_route=\/wp\/v2\/pages\/100\/revisions"}],"predecessor-version":[{"id":205,"href":"https:\/\/websites.fraunhofer.de\/protrafo\/index.php?rest_route=\/wp\/v2\/pages\/100\/revisions\/205"}],"wp:attachment":[{"href":"https:\/\/websites.fraunhofer.de\/protrafo\/index.php?rest_route=%2Fwp%2Fv2%2Fmedia&parent=100"}],"curies":[{"name":"wp","href":"https:\/\/api.w.org\/{rel}","templated":true}]}}