{"id":16,"date":"2018-11-05T12:59:55","date_gmt":"2018-11-05T11:59:55","guid":{"rendered":"https:\/\/websites.fraunhofer.de\/med2icin\/?page_id=16"},"modified":"2023-02-02T15:11:30","modified_gmt":"2023-02-02T14:11:30","slug":"teilnehmende-institute","status":"publish","type":"page","link":"https:\/\/websites.fraunhofer.de\/med2icin\/teilnehmende-institute\/","title":{"rendered":"Teilnehmende Institute"},"content":{"rendered":"<h3>Expertise im MED\u00b2ICIN-Konsortium<\/h3>\n<h4>Umfassend, synergetisch und komplement\u00e4r<\/h4>\n<p style=\"padding-left: 30px;\"><a href=\"https:\/\/www.igd.fraunhofer.de\/projekte\/med2icin\">Fraunhofer-Institut f\u00fcr Graphische Datenverarbeitung IGD<\/a><br \/>PROJEKTLEITUNG<br \/><strong>Schwerpunkte im Projekt: Kohortenanalyse, intelligente Bildauswertung, longitudinale Modellierung<\/strong><\/p>\n<p style=\"padding-left: 30px;\">Unsere KI-basierten Analyseverfahren sowie interaktiven Visualisierungstechnologien verkn\u00fcpfen medizinische Bilddaten mit individuellen klinischen Daten und Kohortenwissen. Sie sind die Basis f\u00fcr datengetriebene, personalisierte Medizin und unterst\u00fctzen Mediziner durch intuitive Entscheidungshilfen.<\/p>\n<hr \/>\n<p style=\"padding-left: 30px;\"><a href=\"https:\/\/www.imw.fraunhofer.de\/de\/forschung\/unternehmensentwicklung\/digital-health\/projekte\/MED2ICIN.html\">Fraunhofer-Institut f\u00fcr Internationales Management und Wissens\u00f6konomie IMW<\/a><br \/><strong>Schwerpunkte im Projekt: leitlinienbasierte Modellierung gesundheits\u00f6konomischer Zusammenh\u00e4nge, Entwicklung der Verwertungsstrategie<\/strong><em><br \/><\/em><\/p>\n<p style=\"padding-left: 30px;\">Das Fraunhofer IMW \u00fcbernimmt in dem Leitprojekt die Verankerung sozio\u00f6konomischer Forschungsaspekte, fr\u00fchzeitige \u00dcberlegungen zur Verwertungsstrategie des Gesamtvorhabens und die Modellierung gesundheits\u00f6konomischer Zusammenh\u00e4nge.<\/p>\n<hr \/>\n<p style=\"padding-left: 30px;\"><a href=\"https:\/\/www.iais.fraunhofer.de\/de\/geschaeftsfelder\/healthcare-analytics.html\">Fraunhofer-Institut f\u00fcr Intelligente Analyse- und Informationssysteme IAIS<\/a><br \/><strong>Schwerpunkte im Projekt: Wissensgraphen und Ontologien, Wissensextraktion, longitudinale Modellierung<\/strong><\/p>\n<p style=\"padding-left: 30px;\">Unsere hybriden KI-Methoden und semantischen Technologien erm\u00f6glichen es, Fach- und Expertenwissen in die Analyse von klinischen Daten zu integrieren. Dies bildet eine essenzielle Voraussetzung f\u00fcr die Entwicklung von KI-gest\u00fctzten medizinischen Empfehlungssystemen.<\/p>\n<hr \/>\n<p style=\"padding-left: 30px;\"><a href=\"https:\/\/www.mevis.fraunhofer.de\/\">Fraunhofer-Institut f\u00fcr Digitale Medizin MEVIS<\/a><br \/><strong>Schwerpunkt im Projekt: Digitales Patientenmodell, Zeitliche Modellierung von Krankheitsverl\u00e4ufen, Intelligente Datenbasierte Unterst\u00fctzung von Diagnose- und Therapieentscheidungen<\/strong><\/p>\n<p style=\"padding-left: 30px;\">Unsere Mission ist die digitale, integrierte Pr\u00e4zisionsmedizin von morgen durch intelligente Computerunterst\u00fctzung. Wir nutzen patientenindividuelle Daten zur Optimierung von Diagnose und Therapie.<\/p>\n<hr \/>\n<p style=\"padding-left: 30px;\"><a href=\"https:\/\/www.iosb.fraunhofer.de\/de\/kompetenzen\/bildauswertung\/interaktive-analyse-diagnose\/digital-health.html\">Fraunhofer-Institut f\u00fcr Optronik, Systemtechnik und und Bildauswertung IOSB<\/a><br \/><strong>Schwerpunkte im Projekt: Datenschutz &amp; Datensouver\u00e4nit\u00e4t, Erkl\u00e4rbarkeit von KI-Verfahren, UX-\/IX-Design, leitlinienbasierte Entscheidungsunterst\u00fctzung<\/strong><\/p>\n<p style=\"padding-left: 30px;\">Wir kombinieren innovative Ans\u00e4tze in der Mensch-Maschine-Interaktion mit KI-getriebenen Analysemodellen, um Experten daten- und wissensbasiert zu unterst\u00fctzen, die Nutzerbed\u00fcrfnisse in den User-Interfaces abzubilden und die Datensouver\u00e4nit\u00e4t durch transparente Darstellung der Datennutzung zu wahren.<\/p>\n<hr \/>\n<p style=\"padding-left: 30px;\"><a href=\"https:\/\/www.iis.fraunhofer.de\/de\/ff\/sse\/health\/medical-sensors-and-analytics\/analyse-multimodaler-daten.html\">Fraunhofer-Institut\u00a0f\u00fcr Integrierte Schaltungen IIS<\/a><br \/><strong>Schwerpunkte im Projekt: Analyseverfahren f\u00fcr die Digitale Pathologie, Verfahren f\u00fcr die Auswertung von Biosignalen, Expertise bei der Erstellung von Kommunikationsprotokollen<\/strong><\/p>\n<p style=\"padding-left: 30px;\">Wir entwickeln passgenaue L\u00f6sungen f\u00fcr die Erfassung, Kuration, Aufbereitung, Verarbeitung und Analyse von multimodalen medizinischen Bilddaten und Bio\u00ad\u00adsignalen f\u00fcr die computerassistierte Entscheidungsunterst\u00fctzung in Anwendungen von Pflege und Homecare bis in den OP und das Labor.<\/p>\n<hr \/>\n<p style=\"padding-left: 40px;\"><a href=\"https:\/\/www.itmp.fraunhofer.de\/de\/innovationsbereiche\/medical_data_science.html\">Fraunhofer-Institut f\u00fcr Translationale Medizin und Pharmakologie ITMP<\/a><br \/><strong>Schwerpunkte im Projekt: Medizinische Expertise zur Nutzbarmachung von Daten und Wissen<\/strong><\/p>\n<p style=\"padding-left: 40px;\">Unser Beitrag ist die \u00dcbersetzung der medizinischen Fragestellungen f\u00fcr die Entwickler und Programmierer, die Evaluierung sowie die Nutzbarmachung f\u00fcr die Medizinerinnen und Mediziner. Zudem geh\u00f6ren zu unseren Zielen das Management der Datenakquisition unter regulatorischen und datenschutzrechtlichen Ma\u00dfgaben und die Nutzbarmachung durch technologische und logische Aufbereitung in verf\u00fcgbares Wissen f\u00fcr den Klinikalltag.<\/p>\n\n\n<p><\/p>\n","protected":false},"excerpt":{"rendered":"<p>Expertise im MED\u00b2ICIN-Konsortium Umfassend, synergetisch und komplement\u00e4r Fraunhofer-Institut f\u00fcr Graphische Datenverarbeitung IGDPROJEKTLEITUNGSchwerpunkte im Projekt: Kohortenanalyse, intelligente Bildauswertung, longitudinale Modellierung Unsere KI-basierten Analyseverfahren sowie interaktiven Visualisierungstechnologien verkn\u00fcpfen medizinische Bilddaten mit individuellen klinischen Daten und Kohortenwissen. Sie sind die Basis f\u00fcr datengetriebene,&#8230;<\/p>\n","protected":false},"author":2,"featured_media":0,"parent":0,"menu_order":0,"comment_status":"closed","ping_status":"closed","template":"","meta":{"footnotes":""},"coauthors":[3],"class_list":["post-16","page","type-page","status-publish","hentry"],"_links":{"self":[{"href":"https:\/\/websites.fraunhofer.de\/med2icin\/wp-json\/wp\/v2\/pages\/16","targetHints":{"allow":["GET"]}}],"collection":[{"href":"https:\/\/websites.fraunhofer.de\/med2icin\/wp-json\/wp\/v2\/pages"}],"about":[{"href":"https:\/\/websites.fraunhofer.de\/med2icin\/wp-json\/wp\/v2\/types\/page"}],"author":[{"embeddable":true,"href":"https:\/\/websites.fraunhofer.de\/med2icin\/wp-json\/wp\/v2\/users\/2"}],"replies":[{"embeddable":true,"href":"https:\/\/websites.fraunhofer.de\/med2icin\/wp-json\/wp\/v2\/comments?post=16"}],"version-history":[{"count":26,"href":"https:\/\/websites.fraunhofer.de\/med2icin\/wp-json\/wp\/v2\/pages\/16\/revisions"}],"predecessor-version":[{"id":251,"href":"https:\/\/websites.fraunhofer.de\/med2icin\/wp-json\/wp\/v2\/pages\/16\/revisions\/251"}],"wp:attachment":[{"href":"https:\/\/websites.fraunhofer.de\/med2icin\/wp-json\/wp\/v2\/media?parent=16"}],"wp:term":[{"taxonomy":"author","embeddable":true,"href":"https:\/\/websites.fraunhofer.de\/med2icin\/wp-json\/wp\/v2\/coauthors?post=16"}],"curies":[{"name":"wp","href":"https:\/\/api.w.org\/{rel}","templated":true}]}}