{"id":117,"date":"2021-08-06T16:20:33","date_gmt":"2021-08-06T14:20:33","guid":{"rendered":"https:\/\/websites.fraunhofer.de\/med2icin\/?page_id=117"},"modified":"2022-03-01T10:41:58","modified_gmt":"2022-03-01T09:41:58","slug":"produktblaetter","status":"publish","type":"page","link":"https:\/\/websites.fraunhofer.de\/med2icin\/produktblaetter\/","title":{"rendered":"Produktbl\u00e4tter"},"content":{"rendered":"\n<p><\/p>\n\n\n\n<p>Klicken Sie hier, um zu den einzelnen Produktbl\u00e4ttern zu gelangen und sie als PDF herunterzuladen:<\/p>\n\n\n\n<ul class=\"wp-block-list\"><li><a href=\"#visuelle-kohortenanalyse\">Visuelle Kohortenanalyse<\/a><\/li><li><a href=\"#fehldiagnose-reduzierung\">Fehldiagnose-Reduzierung<\/a><\/li><li><a href=\"#zeitreihenanalyse\">Zeitreihenanalyse medizinischer Daten<\/a><\/li><li><a href=\"#entwicklung-eines-dashboards\">Nutzergetriebene Entwicklung eines Dashboards<\/a><\/li><li><a href=\"#virtuelle-kohorten\">Virtuelle Kohorten f\u00fcr den Digitalen Zwilling<\/a><\/li><li><a href=\"#fraunhofer-marktmonitor\">Fraunhofer-Marktmonitor \u00bbAI in Healthcare\u00ab<\/a><\/li><li><a href=\"#digitale-pathologie\">Digitale Pathologie f\u00fcr CED<\/a><\/li><li><a href=\"#preisrechner-medikation\">Preisrechner Medikationskosten<\/a><\/li><li><a href=\"#entscheidungsunterstuetzung\">Leitlinienbasierte Entscheidungsunterst\u00fctzung<\/a><\/li><li><a href=\"#sichere-konnektoren\">Sichere Konnektoren: Medical Data Space<\/a><\/li><li><a href=\"#patienten-app\">Patienten-App<\/a><\/li><\/ul>\n\n\n\n<h2 class=\"wp-block-heading\" id=\"visuelle-kohortenanalyse\">Visuelle Kohortenanalyse<\/h2>\n\n\n\n<figure class=\"wp-block-image\"><img loading=\"lazy\" decoding=\"async\" width=\"1335\" height=\"538\" src=\"https:\/\/websites.fraunhofer.de\/med2icin\/wp-content\/uploads\/2021\/08\/Kohortenanalyse_Screenshot_Produktblatt2.png\" alt=\"\" class=\"wp-image-145\" srcset=\"https:\/\/websites.fraunhofer.de\/med2icin\/wp-content\/uploads\/2021\/08\/Kohortenanalyse_Screenshot_Produktblatt2.png 1335w, https:\/\/websites.fraunhofer.de\/med2icin\/wp-content\/uploads\/2021\/08\/Kohortenanalyse_Screenshot_Produktblatt2-400x161.png 400w, https:\/\/websites.fraunhofer.de\/med2icin\/wp-content\/uploads\/2021\/08\/Kohortenanalyse_Screenshot_Produktblatt2-768x310.png 768w\" sizes=\"auto, (max-width: 1335px) 100vw, 1335px\" \/><figcaption> <br><em>\u00a9<\/em> Fraunhofer IGD<\/figcaption><\/figure>\n\n\n\n<p class=\"has-text-color has-background has-very-dark-gray-color has-light-green-cyan-background-color\">Chronisch-entz\u00fcndliche Darmerkrankungen erstrecken sich in  ihrem Krankheitsverlauf oft \u00fcber mehrere Jahrzehnte. \u00c4rztinnen  und \u00c4rzten stehen oft nur schriftliche Patientenakten einzelner Patienten zur Verf\u00fcgung. Durch die Sammlung und Visualisierung dieser Daten hilft das Modul \u00bbKohortenanalyse\u00ab \u00c4rztinnen und \u00c4rzten dabei, einen schnellen \u00dcberblick \u00fcber den Patienten und \u00e4hnliche Patienten zu erlangen.<\/p>\n\n\n\n<div class=\"wp-block-file\"><a href=\"https:\/\/websites.fraunhofer.de\/med2icin\/wp-content\/uploads\/2021\/08\/2021-07-09_PB_MED_IGD_Kohortenanalyse_web.pdf\" target=\"_blank\" rel=\"noreferrer noopener\">Produktblatt: Visuelle Kohortenanalyse f\u00fcr Patienten mit chronisch-entz\u00fcndlichen Darmerkrankungen <\/a><a href=\"https:\/\/websites.fraunhofer.de\/med2icin\/wp-content\/uploads\/2021\/08\/2021-07-09_PB_MED_IGD_Kohortenanalyse_web.pdf\" class=\"wp-block-file__button\" download>Herunterladen<\/a><\/div>\n\n\n\n<hr class=\"wp-block-separator\"\/>\n\n\n\n<h2 class=\"wp-block-heading\" id=\"fehldiagnose-reduzierung\">Fehldiagnose-Reduzierung<\/h2>\n\n\n\n<figure class=\"wp-block-image\"><img loading=\"lazy\" decoding=\"async\" width=\"1280\" height=\"720\" src=\"https:\/\/websites.fraunhofer.de\/med2icin\/wp-content\/uploads\/2021\/09\/Schaubild_Produktblatt-Fehldiagnose-Reduzierung_final.png\" alt=\"\" class=\"wp-image-154\" srcset=\"https:\/\/websites.fraunhofer.de\/med2icin\/wp-content\/uploads\/2021\/09\/Schaubild_Produktblatt-Fehldiagnose-Reduzierung_final.png 1280w, https:\/\/websites.fraunhofer.de\/med2icin\/wp-content\/uploads\/2021\/09\/Schaubild_Produktblatt-Fehldiagnose-Reduzierung_final-400x225.png 400w, https:\/\/websites.fraunhofer.de\/med2icin\/wp-content\/uploads\/2021\/09\/Schaubild_Produktblatt-Fehldiagnose-Reduzierung_final-768x432.png 768w\" sizes=\"auto, (max-width: 1280px) 100vw, 1280px\" \/><figcaption> <br><em>\u00a9<\/em> Fraunhofer IAIS<\/figcaption><\/figure>\n\n\n\n<p style=\"background-color:#fde8ea\" class=\"has-background\">Das Modul \u00bbIntelligentes Informationssystem zur Fehldiagnose-Vermeidung\u00ab der MED2ICIN-Gesamtl\u00f6sung bereitet Befundberichte von Erkrankten mit chronisch entz\u00fcndlichen Darmerkrankungen strukturiert auf. Im ersten Schritt werden die wichtigsten, f\u00fcr die Diagnose relevanten Begriffe \u00fcber Text-Mining Methoden identifiziert und leicht verst\u00e4ndlich, sowie interpretierbarer dargestellt. Im zweiten Schritt werden die erfassten Informationen dann mit Befundinformationen von anderen Erkrankten verglichen, um zu einem gegebenen Patienten oder einer Patientin F\u00e4lle mit \u00e4hnlicher Befundlage finden zu k\u00f6nnen.<\/p>\n\n\n\n<div class=\"wp-block-file\"><a href=\"https:\/\/websites.fraunhofer.de\/med2icin\/wp-content\/uploads\/2021\/08\/2021-08-05_PB_IAIS_Fehldiagnose_web.pdf\" target=\"_blank\" rel=\"noreferrer noopener\">Produktblatt: Intelligentes Informationssystem zur Fehldiagnose-Reduzierung <\/a><a href=\"https:\/\/websites.fraunhofer.de\/med2icin\/wp-content\/uploads\/2021\/08\/2021-08-05_PB_IAIS_Fehldiagnose_web.pdf\" class=\"wp-block-file__button\" download>Herunterladen<\/a><\/div>\n\n\n\n<hr class=\"wp-block-separator\"\/>\n\n\n\n<h2 class=\"wp-block-heading\" id=\"zeitreihenanalyse\">Zeitreihenanalyse medizinischer Daten<\/h2>\n\n\n\n<figure class=\"wp-block-image\"><img loading=\"lazy\" decoding=\"async\" width=\"1440\" height=\"582\" src=\"https:\/\/websites.fraunhofer.de\/med2icin\/wp-content\/uploads\/2021\/09\/bild_web-1440x582.png\" alt=\"\" class=\"wp-image-155\" srcset=\"https:\/\/websites.fraunhofer.de\/med2icin\/wp-content\/uploads\/2021\/09\/bild_web-1440x582.png 1440w, https:\/\/websites.fraunhofer.de\/med2icin\/wp-content\/uploads\/2021\/09\/bild_web-400x162.png 400w, https:\/\/websites.fraunhofer.de\/med2icin\/wp-content\/uploads\/2021\/09\/bild_web-768x310.png 768w, https:\/\/websites.fraunhofer.de\/med2icin\/wp-content\/uploads\/2021\/09\/bild_web.png 1688w\" sizes=\"auto, (max-width: 1440px) 100vw, 1440px\" \/><figcaption> <br><em>\u00a9<\/em> Fraunhofer IIS<\/figcaption><\/figure>\n\n\n\n<p style=\"background-color:#99e0f4\" class=\"has-background\">Die verschiedenen Zeitverl\u00e4ufe der gemessenen Laborparameter werden von unserem Modul zusammengef\u00fchrt und gemeinsam in einem statistischen Modell verarbeitet. Dessen wesentliche Aufgabe besteht darin, aus den aufgezeichneten Messpunkten wahrscheinliche Krankheitsverl\u00e4ufe der zu Grunde liegenden Modalit\u00e4ten zu rekonstruieren und somit ein Modell f\u00fcr den m\u00f6glichen Verlauf der chronisch entz\u00fcndlichen Darmerkrankung zu bilden.<\/p>\n\n\n\n<div class=\"wp-block-file\"><a href=\"https:\/\/websites.fraunhofer.de\/med2icin\/wp-content\/uploads\/2021\/08\/2021-07-08_PB_Med_IIS_Longitudinale_Modellierung_web.pdf\" target=\"_blank\" rel=\"noreferrer noopener\">Produktblatt: Zeitreihenanalyse medizinischer Daten<\/a><a href=\"https:\/\/websites.fraunhofer.de\/med2icin\/wp-content\/uploads\/2021\/08\/2021-07-08_PB_Med_IIS_Longitudinale_Modellierung_web.pdf\" class=\"wp-block-file__button\" download>Herunterladen<\/a><\/div>\n\n\n\n<hr class=\"wp-block-separator\"\/>\n\n\n\n<h2 class=\"wp-block-heading\" id=\"entwicklung-eines-dashboards\">Nutzergetriebene Entwicklung eines Dashboards<\/h2>\n\n\n\n<figure class=\"wp-block-image\"><img loading=\"lazy\" decoding=\"async\" width=\"1423\" height=\"800\" src=\"https:\/\/websites.fraunhofer.de\/med2icin\/wp-content\/uploads\/2021\/09\/Dashboard-Moodbild-Praxis-1423x800.jpg\" alt=\"\" class=\"wp-image-156\" srcset=\"https:\/\/websites.fraunhofer.de\/med2icin\/wp-content\/uploads\/2021\/09\/Dashboard-Moodbild-Praxis-1423x800.jpg 1423w, https:\/\/websites.fraunhofer.de\/med2icin\/wp-content\/uploads\/2021\/09\/Dashboard-Moodbild-Praxis-400x225.jpg 400w, https:\/\/websites.fraunhofer.de\/med2icin\/wp-content\/uploads\/2021\/09\/Dashboard-Moodbild-Praxis-768x432.jpg 768w\" sizes=\"auto, (max-width: 1423px) 100vw, 1423px\" \/><figcaption> <br><em>\u00a9<\/em> Fraunhofer IME<\/figcaption><\/figure>\n\n\n\n<p class=\"has-background has-light-green-cyan-background-color\">In MED2ICIN werden zwei Use Cases untersucht \u2013 ein chronischer und ein akuter \u2013 um ein intelligentes System zu entwickeln, welches Entscheidungsunterst\u00fctzung f\u00fcr Medizinerinnen und Mediziner bereitstellt. Diese Empfehlungen werden mittels Verfahren der k\u00fcnstlichen Intelligenz aus Daten abgeleitet, wobei der Entscheidungsprozess f\u00fcr das medizinische Personal nachvollziehbar sein muss. F\u00fcr die Gestaltung der Benutzeroberfl\u00e4che (UI) bedeutet dies, dass es vornehmlich darum geht, situationsabh\u00e4ngig, z.B. im Patientengespr\u00e4ch oder w\u00e4hrend eines Tumorboards, relevante Daten priorisiert darzustellen.<\/p>\n\n\n\n<div class=\"wp-block-file\"><a href=\"https:\/\/websites.fraunhofer.de\/med2icin\/wp-content\/uploads\/2021\/09\/2021-09-09_PB_Med_IME_Dashboard_web.pdf\" target=\"_blank\" rel=\"noreferrer noopener\">Produktblatt: Nutzergetriebene Entwicklung eines Dashboards<\/a><a href=\"https:\/\/websites.fraunhofer.de\/med2icin\/wp-content\/uploads\/2021\/09\/2021-09-09_PB_Med_IME_Dashboard_web.pdf\" class=\"wp-block-file__button\" download>Herunterladen<\/a><\/div>\n\n\n\n<hr class=\"wp-block-separator\"\/>\n\n\n\n<h2 class=\"wp-block-heading\" id=\"virtuelle-kohorten\">Virtuelle Kohorten f\u00fcr den Digitalen Zwilling<\/h2>\n\n\n\n<figure class=\"wp-block-image\"><img loading=\"lazy\" decoding=\"async\" width=\"742\" height=\"460\" src=\"https:\/\/websites.fraunhofer.de\/med2icin\/wp-content\/uploads\/2021\/09\/1.png\" alt=\"\" class=\"wp-image-157\" srcset=\"https:\/\/websites.fraunhofer.de\/med2icin\/wp-content\/uploads\/2021\/09\/1.png 742w, https:\/\/websites.fraunhofer.de\/med2icin\/wp-content\/uploads\/2021\/09\/1-400x248.png 400w\" sizes=\"auto, (max-width: 742px) 100vw, 742px\" \/><figcaption> <br><em>\u00a9<\/em> Fraunhofer ITMP<\/figcaption><\/figure>\n\n\n\n<p class=\"has-background has-very-light-gray-background-color\">Die Nutzung von Gesundheitsdaten in Deutschland unterliegt vielf\u00e4ltigen ethischen bzw. juristischen Einschr\u00e4nkungen aus Gr\u00fcnden des Datenschutzes, der Eigentumsrechte oder der Regulatorik und Gesetzgebung. Der Zugang zu \u00bbhumanen Daten\u00ab sowohl einzelner Patientinnen und Patienten als auch vollst\u00e4ndiger Studien bedarf daher vielfacher Freigabeprozesse, wie z.B. positiver Ethikvoten oder Risikofolgeabsch\u00e4tzungen und dem Abschluss entsprechender Datenzugangs- oder Datennutzungsvertr\u00e4ge.<br>Regulatorischer und zeitlicher Aufwand der Genehmigungsvorg\u00e4nge zur Datenakquisition schr\u00e4nken technologische Entwicklungen in der Medizininformatik und ihren Einsatz wie im Falle des Digitalen Zwillings ein. Zuverl\u00e4ssige und qualitativ hochwertige synthetische Patientendaten k\u00f6nnten daher eine L\u00f6sung darstellen, die es erm\u00f6glicht vorerst auch ohne \u00bbRealdaten\u00ab Entwicklungsvorhaben voranzutreiben.<\/p>\n\n\n\n<div class=\"wp-block-file\"><a href=\"https:\/\/websites.fraunhofer.de\/med2icin\/wp-content\/uploads\/2021\/08\/2021-07-08_PB_MED_ITMP_virtuelle-Kohorten_web.pdf\" target=\"_blank\" rel=\"noreferrer noopener\">Produktblatt: Virtuelle Kohorten als entwicklungsbegleitendes Tool f\u00fcr den Digitalen Zwilling <\/a><a href=\"https:\/\/websites.fraunhofer.de\/med2icin\/wp-content\/uploads\/2021\/08\/2021-07-08_PB_MED_ITMP_virtuelle-Kohorten_web.pdf\" class=\"wp-block-file__button\" download>Herunterladen<\/a><\/div>\n\n\n\n<hr class=\"wp-block-separator\"\/>\n\n\n\n<h2 class=\"wp-block-heading\" id=\"fraunhofer-marktmonitor\">Fraunhofer-Marktmonitor \u00bbAI in Healthcare\u00ab<\/h2>\n\n\n\n<figure class=\"wp-block-image\"><img loading=\"lazy\" decoding=\"async\" width=\"1440\" height=\"777\" src=\"https:\/\/websites.fraunhofer.de\/med2icin\/wp-content\/uploads\/2021\/09\/aimm_2-1440x777.png\" alt=\"\" class=\"wp-image-159\" srcset=\"https:\/\/websites.fraunhofer.de\/med2icin\/wp-content\/uploads\/2021\/09\/aimm_2-1440x777.png 1440w, https:\/\/websites.fraunhofer.de\/med2icin\/wp-content\/uploads\/2021\/09\/aimm_2-400x216.png 400w, https:\/\/websites.fraunhofer.de\/med2icin\/wp-content\/uploads\/2021\/09\/aimm_2-768x414.png 768w\" sizes=\"auto, (max-width: 1440px) 100vw, 1440px\" \/><figcaption> <br><em>\u00a9<\/em> Fraunhofer AIMM<\/figcaption><\/figure>\n\n\n\n<p style=\"background-color:#fffab4\" class=\"has-text-color has-background has-very-dark-gray-color\">Grundlage des Fraunhofer-Marktmonitors \u00bbAI in Healthcare\u00ab stellt eine Datenbank dar, in der kontinuierlich neue internationale Akteure im Markt f\u00fcr KI-Anwendungen im Gesundheitsbereich erfasst und ihre Datens\u00e4tze zu wiederkehrenden Zeitpunkten aktualisiert werden. Die Datens\u00e4tze der erfassten Akteure enthalten Informationen zu Unternehmenskennzahlen, zum Gesch\u00e4ftsmodell, Kurzbeschreibungen ihrer Produkte, medizinische Themenfelder, Schl\u00fcsselbegriffe und eingesetzten Technologien und Partnerschaften.<br>Der Fraunhofer-Marktmonitor \u00bbAI in Healthcare\u00ab umfasst derzeit etwa 1 100 Akteure, die im Gesundheitsmarkt zum Thema K\u00fcnstliche Intelligenz (KI) aktiv sind. Dabei handelt es sich um Start-ups, gro\u00dfe internationale Konzerne, kleine und mittlere Unternehmen, Universit\u00e4ten und Forschungseinrichtungen.<\/p>\n\n\n\n<div class=\"wp-block-file\"><a href=\"https:\/\/websites.fraunhofer.de\/med2icin\/wp-content\/uploads\/2021\/08\/2021-07-12_BP_Med_AIMM_Marktmonitor_web.pdf\" target=\"_blank\" rel=\"noreferrer noopener\">Produktblatt: Fraunhofer-Marktmonitor \u00bbAI in Healthcare\u00ab <\/a><a href=\"https:\/\/websites.fraunhofer.de\/med2icin\/wp-content\/uploads\/2021\/08\/2021-07-12_BP_Med_AIMM_Marktmonitor_web.pdf\" class=\"wp-block-file__button\" download>Herunterladen<\/a><\/div>\n\n\n\n<hr class=\"wp-block-separator\"\/>\n\n\n\n<h2 class=\"wp-block-heading\" id=\"digitale-pathologie\">Digitale Pathologie f\u00fcr CED<\/h2>\n\n\n\n<figure class=\"wp-block-image\"><img loading=\"lazy\" decoding=\"async\" width=\"650\" height=\"438\" src=\"https:\/\/websites.fraunhofer.de\/med2icin\/wp-content\/uploads\/2021\/09\/Bild-4.jpg\" alt=\"\" class=\"wp-image-162\" srcset=\"https:\/\/websites.fraunhofer.de\/med2icin\/wp-content\/uploads\/2021\/09\/Bild-4.jpg 650w, https:\/\/websites.fraunhofer.de\/med2icin\/wp-content\/uploads\/2021\/09\/Bild-4-400x270.jpg 400w\" sizes=\"auto, (max-width: 650px) 100vw, 650px\" \/><figcaption> <br><em>\u00a9<\/em> Fraunhofer IIS<\/figcaption><\/figure>\n\n\n\n<p style=\"background-color:#e5acf0\" class=\"has-background\">Die automatisierte Analyse der Darmgewebeschnitte und die Erstellung histologischer Scores erlaubt eine effizientere Diagnostik von CED in der Pathologie. Nachdem die Glasobjekttr\u00e4ger mit den Biopsien mittels eines Gewebescanners digitalisiert wurden, k\u00f6nnen die so entstandenen riesigen Gigapixel-Bilder \u2013 sogenannte Whole-Slide Images \u2013 mittels eines KI-basierten Algorithmus analysiert werden. Dieser lokalisiert zum einen entz\u00fcndete Bereiche und klassifiziert diese gleich in niedrig-, mittel-, bzw. stark entz\u00fcndet. Eine besondere Herausforderung besteht darin, zwischen chronischen und akuten Entz\u00fcndungen zu unterscheiden. Zum anderen werden auch St\u00f6rungen in der Architektur der Schleimhaut (Kryptenarchitektur) erkannt und ebenfalls klassifiziert (niedrig, mittel, stark).<\/p>\n\n\n\n<div class=\"wp-block-file\"><a href=\"https:\/\/websites.fraunhofer.de\/med2icin\/wp-content\/uploads\/2021\/08\/2021-07-12_BP_Med_IIS_Digitale-Pathologie_web.pdf\" target=\"_blank\" rel=\"noreferrer noopener\">Produktblatt: Digitale Pathologie f\u00fcr CED <\/a><a href=\"https:\/\/websites.fraunhofer.de\/med2icin\/wp-content\/uploads\/2021\/08\/2021-07-12_BP_Med_IIS_Digitale-Pathologie_web.pdf\" class=\"wp-block-file__button\" download>Herunterladen<\/a><\/div>\n\n\n\n<hr class=\"wp-block-separator\"\/>\n\n\n\n<h2 class=\"wp-block-heading\" id=\"preisrechner-medikation\">Preisrechner Medikationskosten<\/h2>\n\n\n\n<figure class=\"wp-block-image\"><img loading=\"lazy\" decoding=\"async\" width=\"1440\" height=\"765\" src=\"https:\/\/websites.fraunhofer.de\/med2icin\/wp-content\/uploads\/2021\/09\/Pricetags_HK_2906_v4-1440x765.png\" alt=\"\" class=\"wp-image-165\" srcset=\"https:\/\/websites.fraunhofer.de\/med2icin\/wp-content\/uploads\/2021\/09\/Pricetags_HK_2906_v4-1440x765.png 1440w, https:\/\/websites.fraunhofer.de\/med2icin\/wp-content\/uploads\/2021\/09\/Pricetags_HK_2906_v4-400x213.png 400w, https:\/\/websites.fraunhofer.de\/med2icin\/wp-content\/uploads\/2021\/09\/Pricetags_HK_2906_v4-768x408.png 768w, https:\/\/websites.fraunhofer.de\/med2icin\/wp-content\/uploads\/2021\/09\/Pricetags_HK_2906_v4.png 1920w\" sizes=\"auto, (max-width: 1440px) 100vw, 1440px\" \/><figcaption> <br><em>\u00a9<\/em> Fraunhofer IMW<\/figcaption><\/figure>\n\n\n\n<p class=\"has-background has-light-green-cyan-background-color\">Bei vielen chronischen Erkrankungen machen Medikationskosten einen Gro\u00dfteil der entstehenden Gesundheitskosten aus. So auch bei chronisch entz\u00fcndlichen Darmerkrankungen (CED). Im Rahmen der Bedarfserhebung \u00e4u\u00dferten zahlreiche \u00c4rztinnen und \u00c4rzte den Wunsch nach mehr Kostentransparenz bei gleicher Wirksamkeit. Der \u00bbPreisrechner Medikationskosten\u00ab errechnet bei medizinisch gleichwertigen Therapien die Kosten verschiedener Medikamente f\u00fcr den Patienten pro Quartal und Jahr f\u00fcr Originalpr\u00e4parate, Generika (generische, chemischsynthetisch hergestellte Arzneimittel) und Biosimilars (Nachahmerpr\u00e4parate von Biopharmazeutika). Die verwendeten Preise und Zulassungen werden dabei laufend aktualisiert.<\/p>\n\n\n\n<div class=\"wp-block-file\"><a href=\"https:\/\/websites.fraunhofer.de\/med2icin\/wp-content\/uploads\/2021\/08\/2021-07-12_BP_Med_IMW_Preisrechner_web.pdf\" target=\"_blank\" rel=\"noreferrer noopener\">Produktblatt: Preisrechner Medikationskosten: Entscheidungsunterst\u00fctzende Software schafft h\u00f6here Kostentransparenz <\/a><a href=\"https:\/\/websites.fraunhofer.de\/med2icin\/wp-content\/uploads\/2021\/08\/2021-07-12_BP_Med_IMW_Preisrechner_web.pdf\" class=\"wp-block-file__button\" download>Herunterladen<\/a><\/div>\n\n\n\n<hr class=\"wp-block-separator\"\/>\n\n\n\n<h2 class=\"wp-block-heading\" id=\"entscheidungsunterstuetzung\">Leitlinienbasierte Entscheidungsunterst\u00fctzung<\/h2>\n\n\n\n<figure class=\"wp-block-image\"><img loading=\"lazy\" decoding=\"async\" width=\"1190\" height=\"800\" src=\"https:\/\/websites.fraunhofer.de\/med2icin\/wp-content\/uploads\/2021\/09\/Digitaler-Patient-2_v04_IOSB-1190x800.jpg\" alt=\"\" class=\"wp-image-166\" srcset=\"https:\/\/websites.fraunhofer.de\/med2icin\/wp-content\/uploads\/2021\/09\/Digitaler-Patient-2_v04_IOSB-1190x800.jpg 1190w, https:\/\/websites.fraunhofer.de\/med2icin\/wp-content\/uploads\/2021\/09\/Digitaler-Patient-2_v04_IOSB-400x269.jpg 400w, https:\/\/websites.fraunhofer.de\/med2icin\/wp-content\/uploads\/2021\/09\/Digitaler-Patient-2_v04_IOSB-768x516.jpg 768w\" sizes=\"auto, (max-width: 1190px) 100vw, 1190px\" \/><figcaption> <br><em>\u00a9<\/em> Fraunhofer IOSB \/ Fraunhofer IME \/ Fotograf \u2013 Peter Granser<\/figcaption><\/figure>\n\n\n\n<p style=\"background-color:#c3e7fd\" class=\"has-background\">Klinische Leitlinien werden von durch Fachgesellschaften benannten Expertengremien entwickelt. Sie zeichnen sich durch hohe Expertise und klinische Evidenz aus, ihre Anwendung in der \u00e4rztlichen Routine ist allerdings aufgrund des komplexen Abgleichs der aktuellen Patientensituation mit den Leitlinienparametern sehr aufw\u00e4ndig. Zudem spiegeln sie h\u00e4ufig nicht den aktuellen Stand der Forschung wieder. Im Leitprojekt MED\u00b2ICIN wurden daher Leitlinien an Beispiel der Diagnose und Therapie von chronisch entz\u00fcndlichen Darmerkrankungen sowie ausgew\u00e4hlter onkologischer Erkrankungen modelliert und in ein computerinterpretierbares Modell \u00fcberf\u00fchrt. Dadurch k\u00f6nnen Leitlinienempfehlungen automatisiert mit dem ebenfalls im Leitprojekt entwickelten Patientenmodell in einem Entscheidungsunterst\u00fctzungsystem verkn\u00fcpft werden. Das Modell zur leitlinienbasierter Entscheidungsunterst\u00fctzung kann zus\u00e4tzlich mit Daten aus aktuellen Publikationen und Studien verkn\u00fcpft werden.<\/p>\n\n\n\n<div class=\"wp-block-file\"><a href=\"https:\/\/websites.fraunhofer.de\/med2icin\/wp-content\/uploads\/2021\/08\/2021-07-12_BP_Med_IOSB-IME_Entscheidungsunterst\u00fctzung_web.pdf\" target=\"_blank\" rel=\"noreferrer noopener\">Produktblatt: Optimierung von Diagnose und Behandlung durch leitlinienbasierte Entscheidungsunterst\u00fctzung <\/a><a href=\"https:\/\/websites.fraunhofer.de\/med2icin\/wp-content\/uploads\/2021\/08\/2021-07-12_BP_Med_IOSB-IME_Entscheidungsunterst\u00fctzung_web.pdf\" class=\"wp-block-file__button\" download>Herunterladen<\/a><\/div>\n\n\n\n<hr class=\"wp-block-separator\"\/>\n\n\n\n<h2 class=\"wp-block-heading\" id=\"sichere-konnektoren\">Sichere Konnektoren: Medical Data Space<\/h2>\n\n\n\n<figure class=\"wp-block-image\"><img loading=\"lazy\" decoding=\"async\" width=\"939\" height=\"235\" src=\"https:\/\/websites.fraunhofer.de\/med2icin\/wp-content\/uploads\/2021\/09\/MedDS-Technologie.png\" alt=\"\" class=\"wp-image-168\" srcset=\"https:\/\/websites.fraunhofer.de\/med2icin\/wp-content\/uploads\/2021\/09\/MedDS-Technologie.png 939w, https:\/\/websites.fraunhofer.de\/med2icin\/wp-content\/uploads\/2021\/09\/MedDS-Technologie-400x100.png 400w, https:\/\/websites.fraunhofer.de\/med2icin\/wp-content\/uploads\/2021\/09\/MedDS-Technologie-768x192.png 768w\" sizes=\"auto, (max-width: 939px) 100vw, 939px\" \/><figcaption> <br><em>\u00a9<\/em> Fraunhofer IOSB<\/figcaption><\/figure>\n\n\n\n<p style=\"background-color:#f6becc\" class=\"has-background\">Die sichere \u00dcbertragung von Daten spielt auch im Leitprojekt MED2ICIN eine gro\u00dfe Rolle, da verschiedene klinische Partner und deren Daten an das System angebunden werden. Neben der Notwendigkeit einer abgesicherten Daten\u00fcbertragung stellen sich bei medizinischen Daten auch die besonderen Fragen hinsichtlich des Datenschutzes. Hierf\u00fcr bietet die Technologie des Medical Data Spaces (MedDS) diverse L\u00f6sungsans\u00e4tze. Im Rahmen des Leitprojekts MED2ICIN wird ein MedDS aufgespannt, um eine sichere Datennutzung in einem verteilten, dezentralen System zu gew\u00e4hrleisten.<\/p>\n\n\n\n<div class=\"wp-block-file\"><a href=\"https:\/\/websites.fraunhofer.de\/med2icin\/wp-content\/uploads\/2021\/08\/2021-07-12_BP_Med_IOSB_Sichere-Konnektoren_web.pdf\" target=\"_blank\" rel=\"noreferrer noopener\">Produktblatt: Sichere Konnektoren: Kontrollierbare und sichere Daten\u00fcbertragung durch den Medical Data Space <\/a><a href=\"https:\/\/websites.fraunhofer.de\/med2icin\/wp-content\/uploads\/2021\/08\/2021-07-12_BP_Med_IOSB_Sichere-Konnektoren_web.pdf\" class=\"wp-block-file__button\" download>Herunterladen<\/a><\/div>\n\n\n\n<hr class=\"wp-block-separator\"\/>\n\n\n\n<h2 class=\"wp-block-heading\" id=\"patienten-app\">Patienten-App<\/h2>\n\n\n\n<figure class=\"wp-block-image\"><img loading=\"lazy\" decoding=\"async\" width=\"389\" height=\"800\" src=\"https:\/\/websites.fraunhofer.de\/med2icin\/wp-content\/uploads\/2021\/09\/Prototype-ConsentCreator2-389x800.png\" alt=\"\" class=\"wp-image-170\" srcset=\"https:\/\/websites.fraunhofer.de\/med2icin\/wp-content\/uploads\/2021\/09\/Prototype-ConsentCreator2-389x800.png 389w, https:\/\/websites.fraunhofer.de\/med2icin\/wp-content\/uploads\/2021\/09\/Prototype-ConsentCreator2-146x300.png 146w, https:\/\/websites.fraunhofer.de\/med2icin\/wp-content\/uploads\/2021\/09\/Prototype-ConsentCreator2-768x1579.png 768w, https:\/\/websites.fraunhofer.de\/med2icin\/wp-content\/uploads\/2021\/09\/Prototype-ConsentCreator2.png 1080w\" sizes=\"auto, (max-width: 389px) 100vw, 389px\" \/><figcaption> <br><em>\u00a9<\/em> Fraunhofer IOSB<\/figcaption><\/figure>\n\n\n\n<p class=\"has-background has-very-light-gray-background-color\">Das Ziel des Fraunhofer-Leitprojekts MED\u00b2ICIN ist es, f\u00fcr chronisch-entz\u00fcndliche Darmerkrankungen (CED) und Darmkrebs ein intelligentes System zu entwickeln, welches Entscheidungsunterst\u00fctzungsfunktionen f\u00fcr Medizinerinnen und Mediziner bereitstellt. Ein elementarer Teil des Prototyps ist eine Patienten-App. Zur Charakterisierung der Krankheitsaktivit\u00e4t werden in der Regel durch die \u00c4rztin diverse Patienteninformationen w\u00e4hrend der Sprechstunde eingeholt, sogenannte Patient-Reported Outcomes (PRO). F\u00fcr die \u00c4rztin bedeutet dies zus\u00e4tzlichen Aufwand f\u00fcr die Erhebung von Patientendaten.<\/p>\n\n\n\n<div class=\"wp-block-file\"><a href=\"https:\/\/websites.fraunhofer.de\/med2icin\/wp-content\/uploads\/2021\/08\/2021-07-12_PB_Med_IOSB_PatientenApp_web.pdf\" target=\"_blank\" rel=\"noreferrer noopener\">Produktblatt: Patienten-App: Dokumentation von Patienteninformationen, Datensouver\u00e4nit\u00e4t und Einwilligungsmanagement <\/a><a href=\"https:\/\/websites.fraunhofer.de\/med2icin\/wp-content\/uploads\/2021\/08\/2021-07-12_PB_Med_IOSB_PatientenApp_web.pdf\" class=\"wp-block-file__button\" download>Herunterladen<\/a><\/div>\n","protected":false},"excerpt":{"rendered":"<p>Klicken Sie hier, um zu den einzelnen Produktbl\u00e4ttern zu gelangen und sie als PDF herunterzuladen: Visuelle Kohortenanalyse Fehldiagnose-Reduzierung Zeitreihenanalyse medizinischer Daten Nutzergetriebene Entwicklung eines Dashboards Virtuelle Kohorten f\u00fcr den Digitalen Zwilling Fraunhofer-Marktmonitor \u00bbAI in Healthcare\u00ab Digitale Pathologie f\u00fcr CED Preisrechner&#8230;<\/p>\n","protected":false},"author":2,"featured_media":0,"parent":0,"menu_order":0,"comment_status":"closed","ping_status":"closed","template":"","meta":{"footnotes":""},"coauthors":[3],"class_list":["post-117","page","type-page","status-publish","hentry"],"_links":{"self":[{"href":"https:\/\/websites.fraunhofer.de\/med2icin\/wp-json\/wp\/v2\/pages\/117","targetHints":{"allow":["GET"]}}],"collection":[{"href":"https:\/\/websites.fraunhofer.de\/med2icin\/wp-json\/wp\/v2\/pages"}],"about":[{"href":"https:\/\/websites.fraunhofer.de\/med2icin\/wp-json\/wp\/v2\/types\/page"}],"author":[{"embeddable":true,"href":"https:\/\/websites.fraunhofer.de\/med2icin\/wp-json\/wp\/v2\/users\/2"}],"replies":[{"embeddable":true,"href":"https:\/\/websites.fraunhofer.de\/med2icin\/wp-json\/wp\/v2\/comments?post=117"}],"version-history":[{"count":33,"href":"https:\/\/websites.fraunhofer.de\/med2icin\/wp-json\/wp\/v2\/pages\/117\/revisions"}],"predecessor-version":[{"id":208,"href":"https:\/\/websites.fraunhofer.de\/med2icin\/wp-json\/wp\/v2\/pages\/117\/revisions\/208"}],"wp:attachment":[{"href":"https:\/\/websites.fraunhofer.de\/med2icin\/wp-json\/wp\/v2\/media?parent=117"}],"wp:term":[{"taxonomy":"author","embeddable":true,"href":"https:\/\/websites.fraunhofer.de\/med2icin\/wp-json\/wp\/v2\/coauthors?post=117"}],"curies":[{"name":"wp","href":"https:\/\/api.w.org\/{rel}","templated":true}]}}