{"id":17,"date":"2020-02-26T14:59:30","date_gmt":"2020-02-26T14:59:30","guid":{"rendered":"https:\/\/websites.fraunhofer.de\/iwes-blog\/?page_id=17"},"modified":"2025-05-15T09:25:34","modified_gmt":"2025-05-15T09:25:34","slug":"kontakt","status":"publish","type":"page","link":"https:\/\/websites.fraunhofer.de\/iwes-blog\/kontakt","title":{"rendered":"Kontakt"},"content":{"rendered":"\n<p>Sie haben Fragen, Feedback oder m\u00f6chten uns kennenlernen? Schreiben Sie uns einfach eine Nachricht! Gerne k\u00f6nnen Sie uns auch \u00fcber<a rel=\"noreferrer noopener\" aria-label=\"&nbsp;andere&nbsp;Kontaktwege&nbsp; (\u00f6ffnet in neuem Tab)\" href=\"https:\/\/www.iwes.fraunhofer.de\/de\/kontakt.html\" target=\"_blank\">&nbsp;andere&nbsp;Kontaktwege&nbsp;<\/a>erreichen.<\/p>\n\n\n\n<p>Wir freuen uns auf Ihre Nachricht.<\/p>\n","protected":false},"excerpt":{"rendered":"<p>Sie haben Fragen, Feedback oder m\u00f6chten uns kennenlernen? Schreiben Sie uns einfach eine Nachricht! Gerne k\u00f6nnen Sie uns auch \u00fcber&nbsp;andere&nbsp;Kontaktwege&nbsp;erreichen. Wir freuen uns auf Ihre Nachricht.<\/p>\n","protected":false},"author":3,"featured_media":0,"parent":0,"menu_order":0,"comment_status":"closed","ping_status":"closed","template":"","meta":{"_acf_changed":false,"footnotes":""},"coauthors":[38],"class_list":["post-17","page","type-page","status-publish","hentry"],"acf":[],"yoast_head":"<!-- This site is optimized with the Yoast SEO Premium plugin v27.6 (Yoast SEO v27.6) - https:\/\/yoast.com\/product\/yoast-seo-premium-wordpress\/ -->\n<title>Kontakt<\/title>\n<meta name=\"robots\" content=\"index, follow, max-snippet:-1, max-image-preview:large, max-video-preview:-1\" \/>\n<link rel=\"canonical\" href=\"https:\/\/websites.fraunhofer.de\/iwes-blog\/kontakt\" \/>\n<meta property=\"og:locale\" content=\"de_DE\" \/>\n<meta property=\"og:type\" content=\"article\" \/>\n<meta property=\"og:title\" content=\"Kontakt\" \/>\n<meta property=\"og:description\" content=\"Sie haben Fragen, Feedback oder m\u00f6chten uns kennenlernen? Schreiben Sie uns einfach eine Nachricht! Gerne k\u00f6nnen Sie uns auch \u00fcber&nbsp;andere&nbsp;Kontaktwege&nbsp;erreichen. Wir freuen uns auf Ihre Nachricht.\" \/>\n<meta property=\"og:url\" content=\"https:\/\/websites.fraunhofer.de\/iwes-blog\/kontakt\" \/>\n<meta property=\"og:site_name\" content=\"Blog | Fraunhofer-Institut f\u00fcr Windenergiesysteme\" \/>\n<meta property=\"article:modified_time\" content=\"2025-05-15T09:25:34+00:00\" \/>\n<meta property=\"og:image\" content=\"https:\/\/websites.fraunhofer.de\/iwes-blog\/wp-content\/uploads\/2025\/05\/Website_Teaser_1200x800px_2024_de.jpg\" \/>\n\t<meta property=\"og:image:width\" content=\"1200\" \/>\n\t<meta property=\"og:image:height\" content=\"800\" \/>\n\t<meta property=\"og:image:type\" content=\"image\/jpeg\" \/>\n<meta name=\"twitter:card\" content=\"summary_large_image\" \/>\n<meta name=\"twitter:label1\" content=\"Gesch\u00e4tzte Lesezeit\" \/>\n\t<meta name=\"twitter:data1\" content=\"1\u00a0Minute\" \/>\n\t<meta name=\"twitter:label2\" content=\"Written by\" \/>\n\t<meta name=\"twitter:data2\" content=\"Inna Eck\" \/>\n<script type=\"application\/ld+json\" class=\"yoast-schema-graph\">{\"@context\":\"https:\\\/\\\/schema.org\",\"@graph\":[{\"@type\":\"WebPage\",\"@id\":\"https:\\\/\\\/websites.fraunhofer.de\\\/iwes-blog\\\/kontakt\",\"url\":\"https:\\\/\\\/websites.fraunhofer.de\\\/iwes-blog\\\/kontakt\",\"name\":\"Kontakt\",\"isPartOf\":{\"@id\":\"https:\\\/\\\/websites.fraunhofer.de\\\/iwes-blog\\\/#website\"},\"datePublished\":\"2020-02-26T14:59:30+00:00\",\"dateModified\":\"2025-05-15T09:25:34+00:00\",\"breadcrumb\":{\"@id\":\"https:\\\/\\\/websites.fraunhofer.de\\\/iwes-blog\\\/kontakt#breadcrumb\"},\"inLanguage\":\"de\",\"potentialAction\":[{\"@type\":\"ReadAction\",\"target\":[\"https:\\\/\\\/websites.fraunhofer.de\\\/iwes-blog\\\/kontakt\"]}]},{\"@type\":\"BreadcrumbList\",\"@id\":\"https:\\\/\\\/websites.fraunhofer.de\\\/iwes-blog\\\/kontakt#breadcrumb\",\"itemListElement\":[{\"@type\":\"ListItem\",\"position\":1,\"name\":\"Startseite\",\"item\":\"https:\\\/\\\/websites.fraunhofer.de\\\/iwes-blog\"},{\"@type\":\"ListItem\",\"position\":2,\"name\":\"Kontakt\"}]},{\"@type\":\"WebSite\",\"@id\":\"https:\\\/\\\/websites.fraunhofer.de\\\/iwes-blog\\\/#website\",\"url\":\"https:\\\/\\\/websites.fraunhofer.de\\\/iwes-blog\\\/\",\"name\":\"Blog | Fraunhofer-Institut f\u00fcr Windenergiesysteme\",\"description\":\"Blog | Fraunhofer-Institut f\u00fcr Windenergiesysteme\",\"publisher\":{\"@id\":\"https:\\\/\\\/websites.fraunhofer.de\\\/iwes-blog\\\/#organization\"},\"potentialAction\":[{\"@type\":\"SearchAction\",\"target\":{\"@type\":\"EntryPoint\",\"urlTemplate\":\"https:\\\/\\\/websites.fraunhofer.de\\\/iwes-blog\\\/?s={search_term_string}\"},\"query-input\":{\"@type\":\"PropertyValueSpecification\",\"valueRequired\":true,\"valueName\":\"search_term_string\"}}],\"inLanguage\":\"de\"},{\"@type\":\"Organization\",\"@id\":\"https:\\\/\\\/websites.fraunhofer.de\\\/iwes-blog\\\/#organization\",\"name\":\"Fraunhofer-Institut f\u00fcr Windenergiesysteme\",\"url\":\"https:\\\/\\\/websites.fraunhofer.de\\\/iwes-blog\\\/\",\"logo\":{\"@type\":\"ImageObject\",\"inLanguage\":\"de\",\"@id\":\"https:\\\/\\\/websites.fraunhofer.de\\\/iwes-blog\\\/#\\\/schema\\\/logo\\\/image\\\/\",\"url\":\"https:\\\/\\\/websites.fraunhofer.de\\\/iwes-blog\\\/wp-content\\\/uploads\\\/2020\\\/08\\\/Fraunhofer_IWES_Logo.png\",\"contentUrl\":\"https:\\\/\\\/websites.fraunhofer.de\\\/iwes-blog\\\/wp-content\\\/uploads\\\/2020\\\/08\\\/Fraunhofer_IWES_Logo.png\",\"width\":731,\"height\":200,\"caption\":\"Fraunhofer-Institut f\u00fcr Windenergiesysteme\"},\"image\":{\"@id\":\"https:\\\/\\\/websites.fraunhofer.de\\\/iwes-blog\\\/#\\\/schema\\\/logo\\\/image\\\/\"},\"sameAs\":[\"https:\\\/\\\/www.linkedin.com\\\/company\\\/fraunhofer-iwes-windenergiesysteme\",\"https:\\\/\\\/www.xing.com\\\/pages\\\/fraunhofer-institutfurwindenergiesystemeiwes\"]}]}<\/script>\n<!-- \/ Yoast SEO Premium plugin. -->","yoast_head_json":{"title":"Kontakt","robots":{"index":"index","follow":"follow","max-snippet":"max-snippet:-1","max-image-preview":"max-image-preview:large","max-video-preview":"max-video-preview:-1"},"canonical":"https:\/\/websites.fraunhofer.de\/iwes-blog\/kontakt","og_locale":"de_DE","og_type":"article","og_title":"Kontakt","og_description":"Sie haben Fragen, Feedback oder m\u00f6chten uns kennenlernen? Schreiben Sie uns einfach eine Nachricht! Gerne k\u00f6nnen Sie uns auch \u00fcber&nbsp;andere&nbsp;Kontaktwege&nbsp;erreichen. Wir freuen uns auf Ihre Nachricht.","og_url":"https:\/\/websites.fraunhofer.de\/iwes-blog\/kontakt","og_site_name":"Blog | Fraunhofer-Institut f\u00fcr Windenergiesysteme","article_modified_time":"2025-05-15T09:25:34+00:00","og_image":[{"width":1200,"height":800,"url":"https:\/\/websites.fraunhofer.de\/iwes-blog\/wp-content\/uploads\/2025\/05\/Website_Teaser_1200x800px_2024_de.jpg","type":"image\/jpeg"}],"twitter_card":"summary_large_image","twitter_misc":{"Gesch\u00e4tzte Lesezeit":"1\u00a0Minute","Written by":"Inna Eck"},"schema":{"@context":"https:\/\/schema.org","@graph":[{"@type":"WebPage","@id":"https:\/\/websites.fraunhofer.de\/iwes-blog\/kontakt","url":"https:\/\/websites.fraunhofer.de\/iwes-blog\/kontakt","name":"Kontakt","isPartOf":{"@id":"https:\/\/websites.fraunhofer.de\/iwes-blog\/#website"},"datePublished":"2020-02-26T14:59:30+00:00","dateModified":"2025-05-15T09:25:34+00:00","breadcrumb":{"@id":"https:\/\/websites.fraunhofer.de\/iwes-blog\/kontakt#breadcrumb"},"inLanguage":"de","potentialAction":[{"@type":"ReadAction","target":["https:\/\/websites.fraunhofer.de\/iwes-blog\/kontakt"]}]},{"@type":"BreadcrumbList","@id":"https:\/\/websites.fraunhofer.de\/iwes-blog\/kontakt#breadcrumb","itemListElement":[{"@type":"ListItem","position":1,"name":"Startseite","item":"https:\/\/websites.fraunhofer.de\/iwes-blog"},{"@type":"ListItem","position":2,"name":"Kontakt"}]},{"@type":"WebSite","@id":"https:\/\/websites.fraunhofer.de\/iwes-blog\/#website","url":"https:\/\/websites.fraunhofer.de\/iwes-blog\/","name":"Blog | Fraunhofer-Institut f\u00fcr Windenergiesysteme","description":"Blog | Fraunhofer-Institut f\u00fcr Windenergiesysteme","publisher":{"@id":"https:\/\/websites.fraunhofer.de\/iwes-blog\/#organization"},"potentialAction":[{"@type":"SearchAction","target":{"@type":"EntryPoint","urlTemplate":"https:\/\/websites.fraunhofer.de\/iwes-blog\/?s={search_term_string}"},"query-input":{"@type":"PropertyValueSpecification","valueRequired":true,"valueName":"search_term_string"}}],"inLanguage":"de"},{"@type":"Organization","@id":"https:\/\/websites.fraunhofer.de\/iwes-blog\/#organization","name":"Fraunhofer-Institut f\u00fcr Windenergiesysteme","url":"https:\/\/websites.fraunhofer.de\/iwes-blog\/","logo":{"@type":"ImageObject","inLanguage":"de","@id":"https:\/\/websites.fraunhofer.de\/iwes-blog\/#\/schema\/logo\/image\/","url":"https:\/\/websites.fraunhofer.de\/iwes-blog\/wp-content\/uploads\/2020\/08\/Fraunhofer_IWES_Logo.png","contentUrl":"https:\/\/websites.fraunhofer.de\/iwes-blog\/wp-content\/uploads\/2020\/08\/Fraunhofer_IWES_Logo.png","width":731,"height":200,"caption":"Fraunhofer-Institut f\u00fcr Windenergiesysteme"},"image":{"@id":"https:\/\/websites.fraunhofer.de\/iwes-blog\/#\/schema\/logo\/image\/"},"sameAs":["https:\/\/www.linkedin.com\/company\/fraunhofer-iwes-windenergiesysteme","https:\/\/www.xing.com\/pages\/fraunhofer-institutfurwindenergiesystemeiwes"]}]}},"_links":{"self":[{"href":"https:\/\/websites.fraunhofer.de\/iwes-blog\/wp-json\/wp\/v2\/pages\/17","targetHints":{"allow":["GET"]}}],"collection":[{"href":"https:\/\/websites.fraunhofer.de\/iwes-blog\/wp-json\/wp\/v2\/pages"}],"about":[{"href":"https:\/\/websites.fraunhofer.de\/iwes-blog\/wp-json\/wp\/v2\/types\/page"}],"author":[{"embeddable":true,"href":"https:\/\/websites.fraunhofer.de\/iwes-blog\/wp-json\/wp\/v2\/users\/3"}],"replies":[{"embeddable":true,"href":"https:\/\/websites.fraunhofer.de\/iwes-blog\/wp-json\/wp\/v2\/comments?post=17"}],"version-history":[{"count":9,"href":"https:\/\/websites.fraunhofer.de\/iwes-blog\/wp-json\/wp\/v2\/pages\/17\/revisions"}],"predecessor-version":[{"id":581,"href":"https:\/\/websites.fraunhofer.de\/iwes-blog\/wp-json\/wp\/v2\/pages\/17\/revisions\/581"}],"wp:attachment":[{"href":"https:\/\/websites.fraunhofer.de\/iwes-blog\/wp-json\/wp\/v2\/media?parent=17"}],"wp:term":[{"taxonomy":"author","embeddable":true,"href":"https:\/\/websites.fraunhofer.de\/iwes-blog\/wp-json\/wp\/v2\/coauthors?post=17"}],"curies":[{"name":"wp","href":"https:\/\/api.w.org\/{rel}","templated":true}]}}