{"id":19,"date":"2021-04-10T13:06:35","date_gmt":"2021-04-10T11:06:35","guid":{"rendered":"https:\/\/websites.fraunhofer.de\/aquias\/?page_id=19"},"modified":"2021-04-10T13:06:36","modified_gmt":"2021-04-10T11:06:36","slug":"impressum","status":"publish","type":"page","link":"https:\/\/websites.fraunhofer.de\/aquias\/index.php\/impressum\/","title":{"rendered":"Impressum"},"content":{"rendered":"<p>Der Internetauftritt des Verbundprojekts &nbsp;\u201cAQUIAS\u201d wird vom Fraunhofer IAO betrieben.<\/p>\n<p>Das Fraunhofer-Institut f\u00fcr Arbeitswirtschaft und Organisation<br \/>\nNobelstra\u00dfe 12<br \/>\n70569 Stuttgart<\/p>\n<p>ist eine rechtlich nicht selbst\u00e4ndige Einrichtung der<strong>&nbsp; &nbsp; &nbsp; &nbsp; &nbsp; &nbsp;<\/strong><\/p>\n<p>Fraunhofer-Gesellschaft zur F\u00f6rderung der angewandten&nbsp;Forschung e.V.<br \/>\nHansastra\u00dfe 27 c<br \/>\n80686 M\u00fcnchen<br \/>\nTelefon: +49 89 1205- 0<br \/>\nFax: +49 89 1205-7531<br \/>\nwww.fraunhofer.de<\/p>\n<p>Umsatzsteuer-Identifikationsnummer gem\u00e4\u00df \u00a7 27 a<br \/>\nUmsatzsteuergesetz: DE 129515865<\/p>\n<p>Registergericht<br \/>\nAmtsgericht M\u00fcnchen<br \/>\nEingetragener Verein<br \/>\nRegister-Nr. VR 4461<\/p>\n<p>Verantwortliche(r) Redakteur(in):<br \/>\n&#8211;&nbsp;David Kremer<br \/>\ndavid.kremer@iao.fraunhofer.de<br \/>\n&#8211; Sibylle Hermann<br \/>\nsibylle.hermann@iao.fraunhofer.de<\/p>\n<p><strong>Vorstand<\/strong><\/p>\n<p>Prof. Dr.-Ing. Reimund Neugebauer, Pr\u00e4sident, Unternehmenspolitik<br \/>\nProf. Dr. Georg Rosenfeld, Technologiemarketing und Gesch\u00e4ftsmodelle<br \/>\nProf. Dr. Alexander Kurz, Personal, Recht und Verwertung<br \/>\nProf. (Univ. Stellenbosch) Dr. Alfred Gossner, Finanzen, Controlling (inkl. Betriebswirtschaft, Einkauf, Liegenschaften) und IT<\/p>\n<p><strong>Nutzungsrechte<\/strong><\/p>\n<p>Copyright \u00a9 by<br \/>\nFraunhofer-Gesellschaft<\/p>\n<p>Alle Rechte vorbehalten.<br \/>\nDie Urheberrechte dieser Webseite liegen vollst\u00e4ndig bei der<br \/>\nFraunhofer-Gesellschaft.<\/p>\n<p>Ein Download oder Ausdruck dieser Ver\u00f6ffentlichungen ist ausschlie\u00dflich f\u00fcr den pers\u00f6nlichen Gebrauch gestattet. Alle dar\u00fcber hinaus gehenden Verwendungen, insbesondere die kommerzielle Nutzung und Verbreitung, sind grunds\u00e4tzlich nicht gestattet und bed\u00fcrfen der schriftlichen Genehmigung. Anfragen richten Sie bitte an folgende Adresse:<\/p>\n<p>David Kremer<br \/>\nFraunhofer-Institut f\u00fcr Arbeitswirtschaft und Organisation<br \/>\nNobelstra\u00dfe 12<br \/>\n70569 Stuttgart<br \/>\ndavid.kremer@iao.fraunhofer.de<\/p>\n<p>Ein Download oder Ausdruck ist dar\u00fcber hinaus lediglich zum Zweck der Berichterstattung \u00fcber das Verbundvorhaben AQUIAS&nbsp;nach Ma\u00dfgabe untenstehender Nutzungsbedingungen gestattet:<\/p>\n<p>Grafische Ver\u00e4nderungen an Bildmotiven &#8211; au\u00dfer zum Freistellen des Hauptmotivs &#8211; sind nicht gestattet. Es ist stets die Quellenangabe und \u00dcbersendung von zwei kostenlosen Belegexemplaren an die oben genannte Adresse erforderlich. Die Verwendung ist honorarfrei.<\/p>\n<p><strong>Haftungshinweis:<\/strong><\/p>\n<p>Wir \u00fcbernehmen keine Haftung f\u00fcr die Inhalte externer Links. F\u00fcr den Inhalt der verlinkten Seiten sind ausschlie\u00dflich deren Betreiber verantwortlich.<\/p>\n<p>Wir sind bem\u00fcht, das Webangebot stets aktuell und inhaltlich richtig sowie vollst\u00e4ndig anzubieten. Dennoch ist das Auftreten von Fehlern nicht v\u00f6llig auszuschlie\u00dfen. Das Fraunhofer-Institut bzw. die Fraunhofer-Gesellschaft \u00fcbernimmt keine Haftung f\u00fcr die Aktualit\u00e4t, die inhaltliche Richtigkeit sowie f\u00fcr die Vollst\u00e4ndigkeit der in ihrem Webangebot eingestellten Informationen. Dies bezieht sich auf eventuelle Sch\u00e4den materieller oder ideeller Art Dritter, die durch die Nutzung dieses Webangebotes verursacht wurden.<\/p>\n<p>Gesch\u00fctzte Marken und Namen, Bilder und Texte werden auf unseren Seiten in der Regel nicht als solche kenntlich gemacht. Das Fehlen einer solchen Kennzeichnung bedeutet jedoch nicht, dass es sich um einen freien Namen, ein freies Bild oder einen freien Text im Sinne des Markenzeichenrechts handelt.<\/p>\n<hr>\n<h1><strong>Datenschutzerkl\u00e4rung<\/strong><\/h1>\n<p>Die Fraunhofer-Gesellschaft zur F\u00f6rderung der angewandten Forschung e.V. (Fraunhofer-Gesellschaft) nimmt den Schutz Ihrer personenbezogenen Daten sehr ernst. Wir verarbeiten personenbezogene Daten, die beim Besuch unserer Webseiten erhoben werden, unter Beachtung der geltenden datenschutzrechtlichen Bestimmungen. Ihre Daten werden von uns weder ver\u00f6ffentlicht, noch unberechtigt an Dritte weitergegeben. Im Folgenden erl\u00e4utern wir, welche Daten wir w\u00e4hrend Ihres Besuches auf unseren Webseiten erfassen und wie genau diese verwendet werden:<\/p>\n<h2><strong>Inhalt<\/strong><\/h2>\n<p>1&nbsp;Datenerhebung und -verarbeitung bei Zugriffen aus dem Internet<br \/>\n2&nbsp;Nutzung und Weitergabe personenbezogener Daten<br \/>\n3&nbsp;Einwilligung in weitergehende Nutzung<br \/>\n4&nbsp;Sicherheit<br \/>\n5&nbsp;Cookies<br \/>\n6&nbsp;Links zu Webseiten anderer Anbieter<br \/>\n7&nbsp;Auskunftsrecht und KontaktdatenEinbeziehung, G\u00fcltigkeit und Aktualit\u00e4t der Datenschutzerkl\u00e4rung<\/p>\n<h3>1. Datenerhebung und -verarbeitung bei Zugriffen aus dem Internet<\/h3>\n<p>Wenn Sie unsere Webseiten besuchen, speichern unsere Webserver tempor\u00e4r jeden Zugriff in einer Protokolldatei. Folgende Daten werden erfasst und bis zur automatisierten L\u00f6schung gespeichert:<\/p>\n<p>&#8211; IP-Adresse des anfragenden Rechners<br \/>\n&#8211; Datum und Uhrzeit des Zugriffs<br \/>\n&#8211; Name und URL der abgerufenen Date<br \/>\n&#8211; \u00dcbertragene Datenmenge<br \/>\n&#8211; Meldung, ob der Abruf erfolgreich war<br \/>\n&#8211; Erkennungsdaten des verwendeten Browser- und Betriebssystems<br \/>\n&#8211; Webseite, von der aus der Zugriff erfolgt<br \/>\n&#8211; Name Ihres Internet-Zugangs-Providers<\/p>\n<p>Die Verarbeitung dieser Daten erfolgt zum Zweck, die Nutzung der Webseite zu erm\u00f6glichen (Verbindungsaufbau), der Systemsicherheit, der technischen Administration der Netzinfrastruktur sowie zur Optimierung des Internetangebotes. Die IP-Adresse wird nur bei Angriffen auf die Netzinfrastruktur der Fraunhofer-Gesellschaft ausgewertet.&nbsp;Personenbezogene Nutzerprofile werden nicht erstellt. Das Telemediengesetz (TMG) erlaubt nach \u00a7&nbsp;15 Abs. 3 TMG die Verwendung von Nutzerprofilen unter einem Pseudonym, sofern der Nutzer dem nicht widerspricht. Sollten wir in unserem Internetangebot von dieser M\u00f6glichkeit Gebrauch machen, werden wir Sie an entsprechender Stelle auf Ihr Widerspruchsrecht hinweisen.&nbsp;\u00dcber die vorstehend genannten F\u00e4lle hinaus werden personenbezogene Daten nicht verarbeitet, es sei denn, Sie willigen ausdr\u00fccklich in eine weitergehende Verarbeitung ein.<\/p>\n<h3>2. Nutzung und Weitergabe personenbezogener Daten<\/h3>\n<p>Jegliche Nutzung Ihrer personenbezogenen Daten erfolgt nur zu den genannten Zwecken und in dem zur Erreichung dieser Zwecke erforderlichen Umfang.<br \/>\n\u00dcbermittlungen personenbezogener Daten an staatliche Einrichtungen und Beh\u00f6rden erfolgen nur im Rahmen zwingender nationaler Rechtsvorschriften oder wenn die Weitergabe im Fall von Angriffen auf unsere Netzinfrastruktur zur Rechts- oder Strafverfolgung erforderlich ist. Eine Weitergabe zu anderen Zwecken an Dritte findet nicht statt.<\/p>\n<h3>3. Einwilligung in weitergehende Nutzung<\/h3>\n<p>Die Nutzung bestimmter Angebote auf unserer Webseite wie etwa Newsletter oder Foren erfordert eine vorherige Registrierung und weitergehende Verarbeitung personenbezogener Daten, beispielsweise eine l\u00e4ngerfristige Speicherung von E-Mail-Adressen, Nutzerkennungen und Passw\u00f6rtern. Die Verwendung solcher Daten erfolgt nur, wenn Sie uns diese \u00fcbermittelt und vorab in die Verwendung eingewilligt haben.<\/p>\n<p><strong>Newsletter und Presseverteiler:&nbsp;<\/strong>Um sich bei einem Newsletter-Dienst der Fraunhofer-Gesellschaft anzumelden, ben\u00f6tigen wir mindestens Ihre E-Mail-Adresse, an die der Newsletter versendet werden soll. Weitere Angaben sind freiwillig und werden verwendet, um Sie pers\u00f6nlich ansprechen und R\u00fcckfragen zur E-Mailadresse kl\u00e4ren zu k\u00f6nnen. Bei postalischem Versand ben\u00f6tigen wir Ihre Adressdaten. Bei Presseverteilern sind Angaben zum Presseorgan, f\u00fcr das Sie t\u00e4tig sind n\u00f6tig, damit wir wissen, dass tats\u00e4chlich ein Presseorgan beliefert wird.&nbsp;In der Regel verwenden wir f\u00fcr den Newsletterversand das Double Opt-In-Verfahren. Das hei\u00dft,&nbsp;wir werden Ihnen erst dann Newsletter zusenden, wenn Sie Ihre Anmeldung nach Mitteilung Ihrer E-Mail-Adresse \u00fcber eine von uns zugesendete E-Mail und einen darin enthaltenen Link best\u00e4tigen. Damit soll sichergestellt werden, dass nur Sie selbst sich als Nutzer der angegebenen E-Mail-Adresse bei dem Newsletter-Dienst anmelden k\u00f6nnen. Ihre Best\u00e4tigung muss zeitnah zur \u00dcbersendung der E-Mail durch uns erfolgen, da andernfalls Ihre Anmeldung und E-Mail-Adresse in unserer Datenbank gel\u00f6scht wird. Bis zu einer Best\u00e4tigung durch Sie, nimmt unser Newsletter-Dienst keine weiteren Anmeldungen unter dieser E-Mail-Adresse entgegen.&nbsp;Sie k\u00f6nnen einen bei uns abonnierten Newsletter jederzeit abbestellen. Dazu k\u00f6nnen Sie uns entweder eine E-Mail zusenden oder \u00fcber einen Link am Ende des Newsletters eine Stornierung vornehmen.<\/p>\n<p><strong>G\u00e4steb\u00fccher und Foren:&nbsp;<\/strong>Um sich f\u00fcr ein Internet-Forum der Fraunhofer-Gesellschaft zu registrieren, ben\u00f6tigen wir mindestens eine Nutzerkennung, ein Kennwort sowie Ihre E-Mail-Adresse. Die Registrierung zu einem solchen Dienst kann zu Ihrem Schutz entsprechend der Anmeldung bei einem Newsletter-Dienst nur erfolgen, wenn Sie Ihre Anmeldung \u00fcber eine von uns zugesendete E-Mail und den darin enthaltenen Link best\u00e4tigen.&nbsp;Sie k\u00f6nnen die genannten Dienste jederzeit k\u00fcndigen, indem Sie uns eine E-Mail \u00fcber die entsprechende Webseite des Dienstes zusenden.&nbsp;G\u00e4steb\u00fccher und Foren unterliegen grunds\u00e4tzlich keiner inhaltlichen Kontrolle der Fraunhofer-Gesellschaft. Gleichwohl behalten wir uns vor, nach eigenem Ermessen Eintr\u00e4ge zu l\u00f6schen und Nutzer von der weiteren Nutzung auszuschlie\u00dfen, insbesondere wenn Eintr\u00e4ge strafrechtlich relevante Tatbest\u00e4nde erf\u00fcllen oder mit den Zielen der Fraunhofer-Gesellschaft nicht zu vereinbaren sind.<\/p>\n<p><strong>Bestellungen:&nbsp;<\/strong>Sofern Sie Informationsmaterialien bestellen, verwenden wir die dabei angegebenen Adressdaten nur zur Abwicklung der Bestellung. Eine Weitergabe an Dritte erfolgt nicht.<\/p>\n<p><strong>Social Plugins:&nbsp;<\/strong>Unser Internetauftritt verwendet Social Plugins (\u201cPlugins\u201d) des sozialen Netzwerkes facebook.com, welches von der Facebook Inc., 1601 S. California Ave, Palo Alto, CA 94304, USA betrieben wird (\u201cFacebook\u201d). Die Plugins sind an einem der Facebook Logos erkennbar (wei\u00dfes \u201ef\u201c auf blauer Kachel oder ein \u201eDaumen hoch\u201c-Zeichen) oder sind mit dem Zusatz \u201cFacebook Social Plugin\u201d gekennzeichnet. Wenn Sie eine Webseite unseres Internetauftritts aufrufen, die ein solches Plugin enth\u00e4lt, baut Ihr Browser eine direkte Verbindung mit den Servern von Facebook auf. Der Inhalt des Plugins wird von Facebook direkt an Ihren Browser \u00fcbermittelt und von diesem in die Webseite eingebunden. Wir haben daher keinen Einfluss auf den Umfang der Daten, die Facebook mit Hilfe dieses Plugins erhebt und informieren Sie daher entsprechend unserem&nbsp;<a href=\"http:\/\/www.facebook.com\/help\/?faq=17512\">Kenntnisstand<\/a>: Durch die Einbindung der Plugins erh\u00e4lt Facebook die Information, dass Sie die entsprechende Seite unseres Internetauftritts aufgerufen haben. Sind Sie bei Facebook eingeloggt, kann Facebook den Besuch Ihrem Facebook-Konto zuordnen. Wenn Sie mit den Plugins interagieren, zum Beispiel den Like Button bet\u00e4tigen oder einen Kommentar abgeben, wird die entsprechende Information von Ihrem Browser direkt an Facebook \u00fcbermittelt und dort gespeichert. Falls Sie kein Mitglied von Facebook sind, besteht trotzdem die M\u00f6glichkeit, dass Facebook Ihre IP-Adresse in Erfahrung bringt und speichert.&nbsp;Zweck und Umfang der Datenerhebung und die weitere Verarbeitung und Nutzung der Daten durch Facebook sowie Ihre diesbez\u00fcglichen Rechte und Einstellungsm\u00f6glichkeiten zum Schutz Ihrer Privatssph\u00e4re entnehmen Sie bitte den Datenschutzhinweisen von Facebook:&nbsp;<a href=\"http:\/\/www.facebook.com\/policy.php\">http:\/\/www.facebook.com\/policy.php<\/a>&nbsp;(Quelle:&nbsp;<a href=\"http:\/\/rechtsanwalt-schwenke.de\/das-rechtliche-risiko-bei-facebooks-like-button-inkl-muster-fuer-die-datenschutzerklaerung\/\">I LAW it<\/a>).&nbsp;Wenn Sie Facebookmitglied sind und nicht m\u00f6chten, dass Facebook \u00fcber unseren Internetauftritt Daten \u00fcber Sie sammelt und mit Ihren bei Facebook gespeicherten Mitgliedsdaten verkn\u00fcpft, m\u00fcssen Sie sich vor Ihrem Besuch unseres Internetauftritts bei Facebook ausloggen.&nbsp;Ebenfalls ist es m\u00f6glich Facebook-Social-Plugins mit Add-ons f\u00fcr Ihren Browser zu blocken, zum Beispiel mit dem \u201c<a href=\"http:\/\/webgraph.com\/resources\/facebookblocker\/\">Facebook Blocker<\/a>\u201c.<\/p>\n<h3>4. Sicherheit<\/h3>\n<p>Die Fraunhofer-Gesellschaft setzt technische und organisatorische Sicherheitsma\u00dfnahmen ein, um Ihre durch uns verwalteten personenbezogenen Daten gegen zuf\u00e4llige oder vors\u00e4tzliche Manipulationen, Verlust, Zerst\u00f6rung oder gegen den Zugriff unberechtigter Personen zu sch\u00fctzen. Unsere Sicherheitsma\u00dfnahmen werden entsprechend der technologischen Entwicklung fortlaufend verbessert.<\/p>\n<h3>5. Web-Analyse \/ Cookies<\/h3>\n<p>Diese Website benutzt das WordPress-Plugin&nbsp;Jetpack, ein Tool zur statistischen Auswertung der Besucherzugriffe, betrieben von&nbsp;<a href=\"http:\/\/automattic.com\/\">Automattic<\/a>&nbsp;Inc., 60 29th Street #343, San Francisco, CA 94110-4929, USA,&nbsp;unter Einsatz der Trackingtechnologie von&nbsp;<a href=\"http:\/\/www.quantcast.com\/\">Quantcast<\/a>&nbsp;Inc.,&nbsp;201 3rd St, Floor 2, San Francisco, CA 94103-3153, USA und&nbsp;<a href=\"http:\/\/direct.comscore.com\/\">comScore<\/a>&nbsp;Inc., 11950 Democracy Drive, Suite 600 Reston, VA 20190, USA.. Jetpack&nbsp; verwendet sog. \u201cCookies\u201d, Textdateien, die auf Ihrem Computer gespeichert werden und die eine Analyse der Benutzung der Website durch sie erm\u00f6glichen. Die durch die Cookies erzeugten Informationen \u00fcber Ihre Benutzung dieses Internetangebotes werden auf Servern in den USA gespeichert.&nbsp;Die IP-Adresse wird sofort nach der Verarbeitung und vor deren Speicherung anonymisiert.&nbsp;Sie k\u00f6nnen die Installation der Cookies durch eine entsprechende Einstellung Ihrer Browser-Software verhindern; wir weisen Sie jedoch darauf hin, dass Sie in diesem Fall gegebenenfalls nicht s\u00e4mtliche Funktionen dieser Website vollumf\u00e4nglich nutzen k\u00f6nnen.&nbsp;Sie k\u00f6nnen der Erhebung und Nutzung der Daten durch Quantcast mit Wirkung f\u00fcr die Zukunft widersprechen, indem Sie an dieser Stelle durch einen Klick auf den Link \u201cClick here to opt-out\u201d&nbsp;ein Opt-Out-Cookie in Ihrem Browser setzen:&nbsp;<a href=\"http:\/\/www.quantcast.com\/opt-out\">http:\/\/www.quantcast.com\/opt-out<\/a>.&nbsp;Sie k\u00f6nnen der Erhebung und Nutzung der Daten durch comScore mit Wirkung f\u00fcr die Zukunft widersprechen, indem Sie an dieser Stelle ein Opt-Out-Cookie in Ihrem Browser setzen:&nbsp;<a href=\"http:\/\/www.scorecardresearch.com\/OptOutTag.aspx\">http:\/\/www.scorecardresearch.com\/OptOutTag.aspx<\/a>. Sollten Sie alle Cookies auf ihrem Rechner l\u00f6schen, m\u00fcssen sie die Opt-Out-Cookies erneut setzen.<\/p>\n<h3>6. Links zu Webseiten anderer Anbieter<\/h3>\n<p>Unsere Webseiten k\u00f6nnen Links zu Webseiten anderer Anbieter enthalten. Wir weisen darauf hin, dass diese Datenschutzerkl\u00e4rung ausschlie\u00dflich f\u00fcr die Webseiten der Fraunhofer-Gesellschaft gilt. Wir haben keinen Einfluss darauf und kontrollieren nicht, dass andere Anbieter die geltenden Datenschutzbestimmungen einhalten.<\/p>\n<h3>7. Auskunftsrecht und Kontaktdaten<\/h3>\n<p>Ihnen steht ein Auskunftsrecht bez\u00fcglich der \u00fcber Sie gespeicherten personenbezogenen Daten und ferner ein Recht auf Berichtigung unrichtiger Daten, Sperrung und L\u00f6schung zu.<\/p>\n<p>Wenn Sie bei einzelnen Diensten der Fraunhofer-Gesellschaft als Nutzer registriert sind, bieten wir Ihnen teilweise auch an, die Daten selbst einzusehen und gegebenenfalls zu l\u00f6schen oder zu \u00e4ndern.<br \/>\nWenn Sie Auskunft \u00fcber Ihre personenbezogenen Daten beziehungsweise deren Korrektur oder L\u00f6schung w\u00fcnschen oder weitergehende Fragen \u00fcber die Verwendung Ihrer uns \u00fcberlassenen personenbezogenen Daten haben, kontaktieren Sie bitte:<\/p>\n<p>Ralph Harter<br \/>\nZentrale der Fraunhofer-Gesellschaft<br \/>\nHansastra\u00dfe 27c<br \/>\n80686 M\u00fcnchen<br \/>\nTel. +49 89 1205-2045<br \/>\nE-Mail: <a href=\"mailto:ralph.harter@zv.fraunhofer.de\">ralph.harter@zv.fraunhofer.de<\/a><\/p>\n<h3>8. Einbeziehung, G\u00fcltigkeit und Aktualit\u00e4t der Datenschutzerkl\u00e4rung<\/h3>\n<p>Mit der Nutzung unserer Webseite willigen Sie in die vorab beschriebene Datenverwendung ein. Die Datenschutzerkl\u00e4rung ist aktuell g\u00fcltig und datiert vom 04.10.2011.&nbsp;Durch die Weiterentwicklung unserer Webseite oder die Implementierung neuer Technologien kann es notwendig werden, diese Datenschutzerkl\u00e4rung zu \u00e4ndern. Die Fraunhofer-Gesellschaft beh\u00e4lt sich vor, die Datenschutzerkl\u00e4rung jederzeit mit Wirkung f\u00fcr die Zukunft zu \u00e4ndern. Wir empfehlen Ihnen, sich die aktuelle Datenschutzerkl\u00e4rung von Zeit zu Zeit erneut durchzulesen.<\/p>\n","protected":false},"excerpt":{"rendered":"<p>Der Internetauftritt des Verbundprojekts &nbsp;\u201cAQUIAS\u201d wird vom Fraunhofer IAO betrieben. Das Fraunhofer-Institut f\u00fcr Arbeitswirtschaft und Organisation Nobelstra\u00dfe 12 70569 Stuttgart ist eine rechtlich nicht selbst\u00e4ndige Einrichtung der&nbsp; &nbsp; &nbsp; &nbsp; &nbsp; &nbsp; Fraunhofer-Gesellschaft zur F\u00f6rderung der angewandten&nbsp;Forschung e.V. Hansastra\u00dfe 27 c 80686 M\u00fcnchen Telefon: +49 89 1205- 0 Fax: +49 89 1205-7531 www.fraunhofer.de Umsatzsteuer-Identifikationsnummer gem\u00e4\u00df &hellip; <a href=\"https:\/\/websites.fraunhofer.de\/aquias\/index.php\/impressum\/\" class=\"read-more\">Weiterlesen <span class=\"screen-reader-text sr-only\">Impressum<\/span><\/a><\/p>\n","protected":false},"author":1,"featured_media":0,"parent":0,"menu_order":0,"comment_status":"closed","ping_status":"closed","template":"","meta":{"footnotes":""},"class_list":["post-19","page","type-page","status-publish","hentry"],"_links":{"self":[{"href":"https:\/\/websites.fraunhofer.de\/aquias\/index.php\/wp-json\/wp\/v2\/pages\/19","targetHints":{"allow":["GET"]}}],"collection":[{"href":"https:\/\/websites.fraunhofer.de\/aquias\/index.php\/wp-json\/wp\/v2\/pages"}],"about":[{"href":"https:\/\/websites.fraunhofer.de\/aquias\/index.php\/wp-json\/wp\/v2\/types\/page"}],"author":[{"embeddable":true,"href":"https:\/\/websites.fraunhofer.de\/aquias\/index.php\/wp-json\/wp\/v2\/users\/1"}],"replies":[{"embeddable":true,"href":"https:\/\/websites.fraunhofer.de\/aquias\/index.php\/wp-json\/wp\/v2\/comments?post=19"}],"version-history":[{"count":1,"href":"https:\/\/websites.fraunhofer.de\/aquias\/index.php\/wp-json\/wp\/v2\/pages\/19\/revisions"}],"predecessor-version":[{"id":20,"href":"https:\/\/websites.fraunhofer.de\/aquias\/index.php\/wp-json\/wp\/v2\/pages\/19\/revisions\/20"}],"wp:attachment":[{"href":"https:\/\/websites.fraunhofer.de\/aquias\/index.php\/wp-json\/wp\/v2\/media?parent=19"}],"curies":[{"name":"wp","href":"https:\/\/api.w.org\/{rel}","templated":true}]}}